a be v(12). Determine u(a).
-9
Let j be (16/(-28))/2 + 746/14. Let y = -52 + j. Let m(l) = 11*l**3 - l**2. What is m(y)?
10
Let w(f) = -5*f. Let y = -2 + 3. Suppose -p + 3*s = -5, -3*p + 0*p - y = -s. Give w(p).
5
Let a be 3 + 0 - (3 - (-3)/(-1)). Let z(i) = i. Let l(y) = 4*y + 1. Let u(h) = -l(h) + 3*z(h). What is u(a)?
-4
Let m(i) = i**3 + i**2 + i. Suppose 0 = -3*d + d - 3*d. Give m(d).
0
Let y(n) = 5*n**3 + 14*n**2 - 5*n - 9. Let f(q) = 2*q**3 + 7*q**2 - 2*q - 4. Let m(p) = 7*f(p) - 3*y(p). Suppose 8 = -3*z + 29. Calculate m(z).
6
Let p(g) = 17*g - 2. Let w(h) = 23*h - 2. Let m(r) = 5*p(r) - 4*w(r). Give m(0).
-2
Let p(n) = -10*n - 39. Let j(b) = 3*b + 13. Let x(g) = -7*j(g) - 2*p(g). Suppose -16*z - 31 = 113. Give x(z).
-4
Let i(m) = -8*m. Let q be i(-2). Suppose 18*k = q*k + 4. Let t(a) = -18*a**2 + a - 2 + 0 + 17*a**k. Calculate t(0).
-2
Let y(o) = 3*o**2 + o - 7. Suppose 3*f = 3*c - 24, 16*f - 20*f = c + 7. What is y(f)?
17
Suppose -2*b + f + 3 = 0, -4*b + 10 = f + 1. Let t(i) = 2*i**b - 5*i**2 + 4*i**2. Let g(o) = o - 2. Let q be g(3). What is t(q)?
1
Let n be 2 - (-45)/(-20) - (-9)/4. Let g(c) be the third derivative of -5/24*c**4 - 1/120*c**6 + 0*c - 2/3*c**3 + n*c**2 + 0 - 1/15*c**5. Determine g(-3).
2
Let r(d) = d + 8. Let l be r(-8). Let z(f) = 4*f**3 - 6*f - 2. Let k(p) = -7*p**3 + 10*p + 4. Let q(h) = -3*k(h) - 5*z(h). Give q(l).
-2
Let p(y) = 8*y**3 + y - 1. Suppose -g - 4*g = 50. Let c = 11 + g. What is p(c)?
8
Let n(i) be the second derivative of -1/6*i**3 + 0*i**2 + 1/60*i**5 + 0 + 3*i - 1/12*i**4. Let l(m) be the second derivative of n(m). What is l(-5)?
-12
Suppose -t + 17 = 6. Suppose -t*u = -8*u - 45. Let w = u - 16. Let x(a) = 3*a**2 + 1. What is x(w)?
4
Let h = -15 + -9. Let w = 26 + h. Suppose -w*i = i + 18. Let u(z) = z**2 + 7*z - 1. Calculate u(i).
-7
Let p(i) = i**3 + 6*i**2 - 9*i + 1. Suppose 4*q + v + 29 = 0, 11*q - 6*q + 52 = 4*v. Determine p(q).
-55
Let y be 5/((-10)/12)*-1. Let i(r) = -2*r + 32. Let o be i(11). Let l(d) = -19*d**2 + 2 + 10*d**2 + o*d**2 - 7*d. Give l(y).
-4
Let j be (-2)/4*(42 + -32). Let m(u) = -u**2 + 5 - 6*u + u + 2*u. Give m(j).
-5
Let s be 2 + 6/(-2) + 4. Let z(q) = 1 - q**2 + q**3 + s*q - 3*q**2 + 0 - q. Calculate z(2).
-3
Suppose 2*u + 4*w + 9 = 5*w, -2*w - 7 = u. Let p(d) = -d**3 - d**2 - d. Let y(g) = -7*g**3 - 12*g**2 - 13*g - 6. Let c(l) = -6*p(l) + y(l). Calculate c(u).
4
Suppose 0 = 5*n - 3*j + 21, 4 = 3*n + 5*j + 3. Let d = n + 0. Let h(b) be the first derivative of -3*b**2/2 + 4*b - 3. What is h(d)?
13
Let d(v) be the first derivative of v**2/2 + 4*v - 11. Determine d(7).
11
Let a(w) = -120*w**2 + 44*w + 44. Let i(g) = -8*g**2 + 3*g + 3. Let s(n) = -6*a(n) + 88*i(n). Determine s(-1).
16
Let p(y) be the first derivative of 7*y**2/2 - 36*y - 242. What is p(6)?
6
Suppose 2*l - 55*l - 106 = 0. Let o(f) = -11*f. Give o(l).
22
Suppose 0*o = 5*o - 125. Suppose o*s + 30 = 30*s. Let y(a) be the second derivative of a**4/12 - 2*a**3/3 + a**2/2 - a. What is y(s)?
13
Let w be (-150)/(-39) - (4 - (-108)/(-26)). Let i(g) = -g**3 + 5*g**2 - 2*g - 4. Give i(w).
4
Let v(u) = -u**3 - 5*u**2 - 4*u - 1. Let y be 8/(-56) + (-20)/7. Give v(y).
-7
Let d(q) = 112 - 228 - 2*q**2 - 2*q + 117. Give d(-2).
-3
Let f(k) = 2*k + 1. Let s be (20 - 26)/(-3*1/(-9)). Let h be (8/(-6))/((-1)/(-9)). Let m = s - h. Calculate f(m).
-11
Suppose 160*v + 114 + 55 = 9. Let f(c) be the first derivative of 4*c**3/3 - c**2/2 - c + 2. Give f(v).
4
Suppose -h + 9 = 7. Let z(a) be the second derivative of h*a + 0*a**2 + 1/3*a**3 + 0. Determine z(-2).
-4
Let q(l) = -3*l - 12. Suppose -4*o = -5*p - 21, 2*o - 7*o = -p. Determine q(p).
3
Suppose x = 5*c - 17, -22*x + c + 19 = -19*x. Let q(u) = -u**3 + 7*u**2 + 5*u + 8. Determine q(x).
-16
Let x = 1897/60 + -158/5. Let k(l) be the third derivative of 3*l**2 + 1/8*l**4 + x*l**5 + 0 + 0*l + 0*l**3. Give k(-3).
0
Let f be ((-3 - -3) + 4)*5. Suppose -f - 12 = -4*b. Let u(t) = 0*t**2 + 1 + 4*t**2 - 6 + t - b*t + t**3. Give u(-5).
5
Suppose s + u = 4 - 0, -2*s - 8 = -2*u. Let f be -1 + s - (5 + -10). Let x(y) = y**2 - 6*y + 2. Determine x(f).
-6
Let k(v) = 3 - 4 + 7 + v. Let g be k(-6). Let y be 1 + g - (-3 + 3). Let j(s) = -5*s**3 - 2*s + 1. Determine j(y).
-6
Let k(r) = 2*r**2 - 49*r + 28. Let t be k(24). Let f(o) = o**3 - 4*o**2 + o + 2. What is f(t)?
6
Let v(q) be the third derivative of q**5/60 + 5*q**4/24 - 4*q**3/3 - 5*q**2. Let p be (4/(-3))/(6/(-117)). Suppose p + 4 = -5*s. What is v(s)?
-2
Let h(d) = 367938*d**3 - 8*d + 23*d + 8 - 367939*d**3 - 13*d**2. Give h(-14).
-6
Let m(q) be the third derivative of -q**6/60 + 13*q**5/60 - 3*q**4/8 + 5*q**3/3 - 30*q**2 + 3*q. Calculate m(6).
-8
Let r be (-4 - (0 - (0 - 2)))/2. Let f(p) = -2*p**2 - 3*p - 1. Determine f(r).
-10
Let y = 307 - 304. Let h(b) = 8*b + 2. Determine h(y).
26
Suppose 30 = -7*d + 2*d - 2*w, 4*d - w = -37. Let s(x) = -x**2 - 13*x - 10. What is s(d)?
30
Suppose -1 = y + 2*l, 0 = y + 2*y - 3*l - 6. Let x be (-7)/1 - (0 + 0)/y. Let q(k) = k - 2. Determine q(x).
-9
Let h(v) = -4*v**2 - 6*v + 3. Let i(p) = p**2 + p - 1. Let l(x) = h(x) + 5*i(x). Give l(-2).
4
Let h(z) = -3*z + 2. Let t(x) be the first derivative of 3*x**2/2 - 3*x + 23. Let u(r) = -6*h(r) - 5*t(r). Determine u(4).
15
Let n(t) = -t + 1. Let i(x) = -6*x - 48. Let g(k) = i(k) - 3*n(k). Let q(m) = -m - 17. Let b(c) = 3*g(c) - 8*q(c). Calculate b(-10).
-7
Let w = 528 + -517. Let r(b) = -b**3 + 4*b**2 + 2*b - 1. Let p be r(4). Let u = w - p. Let q(t) = -t - 2. Determine q(u).
-6
Suppose 0 = j - 6*j + 15. Let b(p) be the third derivative of 0 + 0*p - 1/3*p**j + 5*p**2 - 1/60*p**5 + 1/12*p**4. What is b(2)?
-2
Suppose 5*f = -20, 5*d - 3*d + 2*f = -12. Let a be (72/(-48))/(1/d). Suppose -4*p + 37 = a*k, -5*k - 3*p + 40 = -k. Let h(i) = i**2 - 9*i + 3. Calculate h(k).
-11
Let k(n) = n**2 - 9*n - 11. Suppose -3*m - 10 = -5*m. Suppose -m*x + 1 = -3*u, -u - 4*u + 50 = 2*x. Calculate k(u).
-19
Suppose 2*x = x. Let c(q) = x*q + q + q - q + 1. Suppose 5*a + 3*p - 1 + 10 = 0, 0 = -2*p - 6. Determine c(a).
1
Let u(v) = 13*v**3 + 38*v**2 + 38*v + 25. Let y(l) = 3*l**3 + 9*l**2 + 9*l + 6. Let c(h) = 2*u(h) - 9*y(h). Calculate c(-5).
21
Let i(n) = n - 8. Suppose -2*l + v = -4*l + 15, 0 = v - 1. Let s = 15 - l. What is i(s)?
0
Suppose -23*j + 39*j - 48 = 0. Let m(b) = -4 + 0*b + 4 - 2 + 2*b + b**2. Determine m(j).
13
Suppose 10*c + 5*a - 31 = 7*c, -3*a + 15 = 0. Suppose -c*j - 2 = 3*s - s, 0 = -2*j + s + 1. Let l(t) = -t**3 - t**2 - t + 8. Determine l(j).
8
Let d(l) be the third derivative of l**4/24 + l**3/3 - l**2. Suppose 0 = 2*a - 6, -3*y + 2*y = 2*a + 50. Let g = y - -54. What is d(g)?
0
Let c(x) = x**3 - 4*x**2 + 5*x - 4. Suppose 3*p = -12, -4*j + 5*p + 51 = -21. Suppose m - 4*w - 34 = -11, 0 = m - 2*w - j. What is c(m)?
2
Suppose -129*p + 56 + 204 = -127. Let t(s) = 3*s**2 + 3*s + 3 - 2*s**3 - 4 + 5. Calculate t(p).
-14
Suppose -2 = -p + 4*h, 0 - 7 = -p - h. Let y(g) = 3*g - 1. What is y(p)?
17
Let m(j) = j**2 - 11*j - 6. Let l(c) = 2*c**2 + 9*c - 70. Let v be l(-9). Determine m(v).
-6
Suppose 54 = 11*h - 12. Suppose 0 = -h*q - 15*q - 105. Let x(d) = -d**3 - 6*d**2 - 5*d + 2. Calculate x(q).
2
Suppose 0 = 62*d - 61*d + 7. Let r(k) = 2*k + 7. What is r(d)?
-7
Let g(o) = o**3 - 7*o**2 + 5*o - 3. Let f be (6/(-8))/(36/(-288)). Give g(f).
-9
Let x(w) = -3 + w**3 + 5*w - 1 + 6*w**2 + 1. Let c = -85 - 53. Let v = c - -133. Determine x(v).
-3
Let n(d) = 9*d**3 + d**2 + 4. Let k(t) = 2*t**3 + t + 1. Let c(r) = -3*k(r) + n(r). Calculate c(1).
2
Let c(y) = y - 11. Let u(f) = -1. Let t(b) = c(b) - 2*u(b). Give t(-9).
-18
Let v(n) be the first derivative of -2*n**2 + 2*n + 290. What is v(5)?
-18
Let p(f) = f**2 + 1. Let g be p(1). Suppose 0 - 4 = -g*j. Let t(m) = 3*m + 1 - m**j + 3 + 0 - 5. Calculate t(4).
-5
Let y(r) be the third derivative of -r**6/120 - r**4/12 + r**3/3 - 179*r**2. Determine y(3).
-31
Let g(t) = 3*t**2 - 6*t - 6. Let n(x) = -x**2 + 1. Let z(a) = -g(a) - 2*n(a). Let d(k) = -30*k + 636. Let f be d(21). Calculate z(f).
4
Let c(b) = -b**3 - 5*b**2 + 3*b. Let d(s) = s**2 - 4*s - 2. Let h be d(3). Calculate c(h).
-15
Suppose -3*j + 5*l = 7, 5*l = -4*j - 33 + 12. Let t be j*-1*(-3)/12. Let x(a) = -8*a**3 - a**2 + a + 1. What is x(t)?
7
Let o(c) = -c - 15. Let f be 